-6 - -3) + 6 + 28 + -28.
3
(6 + 2 - 13) + -1
-6
-6 - (-10 - 2) - (0 + 10)
-4
What is (-2 - -1) + -3 + 1 + 0?
-3
(-19 - -14 - (3 + -5)) + 1
-2
-1 + 4 + -3 + -1 + 0
-1
What is -6 + 2 + (7 - 1)?
2
-11 + 13 - (-2 + -2)
6
What is the value of -5 + -1 + 8 + -6?
-4
Evaluate -5 + (5 - -4) + 0 + -2.
2
What is the value of 13 + -8 - (-2 - -2)?
5
What is the value of (5 - (14 - 6)) + 5?
2
Calculate (2 - 4 - 3) + 3 - 2.
-4
What is -6 + 3 + -11 + 16?
2
What is the value of -5 - -9 - (-3 + 2) - 1?
4
Calculate 13 + 0 - (-6 - -13).
6
Calculate -3 + (0 - -3) - -4.
4
What is 3 + -2 - (0 - 2)?
3
What is -30 + 30 - (1 + -1 + 2)?
-2
Calculate -3 - (5 - (6 + 1 + -1)).
-2
What is -1 - 0 - (-14 - -17)?
-4
What is 32 - 31 - ((0 - 2) + 0)?
3
-23 + 32 - (-2 + 8)
3
Calculate 7 - (5 + 1 + 2).
-1
What is (2 - 3) + (5 - 17 - -12)?
-1
Evaluate -3 - (-10 + 5 - -5).
-3
Evaluate -6 - (-1 + (0 - 1)).
-4
What is 8 - 12 - (-3 + 1 + -1)?
-1
What is -3 + 3 + -2 + 6 - 7?
-3
What is (0 - 20) + -208 + 219?
-9
What is the value of -19 - -19 - (4 - 2 - 1)?
-1
What is (40 - 31) + -4 + -5?
0
What is 17 - (10 - 5 - -5)?
7
What is the value of (39 - 47) + (6 - 0) + 2?
0
Evaluate -1 + (2 - 5 - -2).
-2
-2 - (1 + -6 + 21 + -16)
-2
24 - 31 - (1 - 4)
-4
1 + (5 - (-6 - -17)) - -9
4
Calculate 7 - (-6 + 0 - (-23 + 11)).
1
What is the value of 0 + (-4 - -1) + (19 - 17)?
-1
What is the value of (-6 - (7 - 3)) + 5?
-5
Calculate 8 + -1 - 10 - -9.
6
7 - 2 - (11 + -7 + -6)
7
Evaluate (3 - 0) + 8 - 5 - 2.
4
Calculate 6 - (11 - 4) - (-3 + 0).
2
Evaluate (13 - 5 - 4) + -8.
-4
Calculate -23 - -27 - (-1 + 5) - -4.
4
What is 5 - (3 - (7 + -5))?
4
Calculate 4 - (-1 + 1 + (6 - 2)).
0
What is the value of 5 - (2 - -9) - -3?
-3
What is -9 - 0 - (6 + (-7 - 3))?
-5
What is the value of -2 - (9 + -4) - -2?
-5
Evaluate (18 - 6) + (-7 - (-5 + 1)).
9
What is the value of -9 + 15 + (-12 - -4)?
-2
Evaluate (0 - -5) + -5 + (-3 - -1).
-2
What is (0 - 2 - 0) + (-54 - -65)?
9
What is the value of (-8 - (8 + 0 + -14)) + -3?
-5
What is the value of 1 - (-7 - -5) - 3?
0
What is 0 + -1 - (-19 + 9 - -8)?
1
Evaluate 43 + -44 - (3 + 0 + 0).
-4
1 - -1 - 1 - (-88 + 84)
5
What is the value of 2 + -1 - (-63 - -59)?
5
-18 + 8 + 8 - (1 - 1)
-2
What is 0 + -1 + (-11 - (-36 + 13))?
11
Evaluate 6 + (-5 + 10 - 6).
5
Calculate (5 - -5) + 5 + -20.
-5
What is 0 - (-6 - (-10 + 6))?
2
What is -1 + 0 + (1 - (2 + 4))?
-6
Evaluate -2 - (-3 + -1) - (-43 - -38).
7
Evaluate 3 + 0 + 6 + (-4 - 3).
2
2 - (-10 - 0) - 5 - 6
1
What is the value of -2 + 3 + -4 + 6 - 2?
1
-3 + 0 + (10 + -8 - 4)
-5
What is the value of 6 + -10 + (1 - 1) + 3?
-1
(1 - 2) + (3 + -8 - -3)
-3
(2 - (-2 + 7)) + 4 - -1
2
What is 11 + (-2 - (8 + 3))?
-2
What is the value of -4 - -5 - (2 + -3 + 2)?
0
Evaluate (0 - (2 - 2)) + 8.
8
Calculate (-2 - -2) + -1 - (-85 - -77).
7
-4 + (-2 - -5) + 3 + -3
-1
3 + -8 + 2 + -1
-4
Evaluate (1 - 0 - 5) + 7.
3
Evaluate 14 - (4 + (-8 - -2) - -8).
8
Evaluate -4 + (5 - (0 - (4 + -9))).
-4
-4 + -2 + 13 - 6
1
-8 + 7 + -8 + 4
-5
What is -3 + 3 + (-9 - -5)?
-4
What is 29 + -35 + -2 + 0 + 10?
2
-5 + (-5 + 6 - 1)
-5
What is the value of 8 + 2 + (6 - 11)?
5
What is the value of -6 + 4 + 4 + -7?
-5
What is 2 + 1 - (-8 + 9)?
2
2 - (-3 + 6) - -4
3
Calculate -7 - (3 - -4) - (-1 - 5).
-8
What is (0 - -14) + -10 + 0?
4
-1 + 0 + (0 + 1 - 3)
-3
What is the value of -2 + -11 - (19 + -28)?
-4
-4 + (4 - 2) + 0 - -4
2
-4 + (-2 - -1) - -7
2
(-5 - (-10 + 1)) + -12
-8
What is -2 - (1 + -1) - (-57 - -54)?
1
What is (-23 - -27) + (0 + 0 - 2)?
2
Calculate 10 + -13 + (-3 - -2) + -1.
-5
(2 - 1) + -4 + (-7 - -6)
-4
What is 3 - -1 - (-3 + 2 - -6)?
-1
What is the value of -10 - (-9 - -2) - 1?
-4
-4 + -6 + 6 - (0 - 2)
-2
What is the value of (-6 - -7) + 2 + -5?
-2
What is -19 + 5 - (-5 - 3)?
-6
13 + -10 - (0 - -2)
1
Evaluate (-5 - -1) + 16 + -14.
-2
1 + -12 - (60 + -63)
-8
Calculate -3 - (3 - -3) - -4 - -4.
-1
Calculate (-12 - (2 - 18)) + 1 + -6.
-1
What is -3 + (-4 - (-18 - -6))?
5
4 + (-4 - -4 - 7)
-3
Calculate 2 - 1 - 6 - -7.
2
Evaluate 1 + 1 + -4 + (-1 - -8).
5
Calculate -5 - (2 - -1 - 5).
-3
Calculate 5 - (9 + -9) - 11 - -8.
2
What is 4 + -5 - (-17 + 9 - -9)?
-2
4 - (2 - 4) - 10
-4
What is 53 + -42 + -1 + -3?
7
What is the value of 0 - 1 - 0 - -3?
2
-4 - (-2 + -5 - -5)
-2
What is -2 - (1 - 5 - (10 + -6))?
6
Evaluate 1 - -7 - (165 - 155).
-2
(-4 - -4) + -4 + 5 + 6
7
(-12 - -11) + (1 - 1)
-1
Calculate (-29 - -18) + 6 + (9 - -2).
6
Evaluate 4 + -9 + 10 - 4.
1
What is the value of -4 + 8 - 1 - 1 - 5?
-3
(1 - 9) + -2 + 4 - -8
2
What is the value of 0 + 2 + 101 + -110?
-7
What is 0 + 12 + -3 - 5?
4
What is 9 + -10 + 3 - -8?
10
Calculate -3 - -2 - ((3 - 11) + 7).
0
Evaluate 137 + -142 + (-1 - -8).
2
-9 - (0 + 1 - 10)
0
What is the value of -5 + (9 - 7) + 9?
6
Evaluate 1 - 1 - (-5 + 5) - -6.
6
Calculate 15 + 2 + -9 + -8.
0
Evaluate 14 - 8 - 7 - (2 - 4).
1
Calculate (-11 - -9 - -6) + -2 + 1.
3
Evaluate 5 - (-7 + 6 - (-1 - 3)).
2
What is -4 + (-2 + 6 - (1 - 3))?
2
What is the value of -3 + (3 - (4 - 4)) + -1?
-1
Evaluate 11 + (-15 - (-6 + -5)).
7
What is 9 + -9 + (-1 - (-9 + 1))?
7
What is -6 - ((11 - -1) + -10)?
-8
(4 + -11 - -5) + 4
2
Calculate (0 - 0) + -2 - (2 + 0).
-4
Calculate (0 - (5 - 4)) + (1 - 1).
-1
What is 4 + (-2 - -2) - 9?
-5
What is -6 + 20 + -6 + (-1 - 1)?
6
What is the value of 1 - 16 - (-149 - -142)?
-8
What is the value of -6 - (0 + (2 - 5))?
-3
-4 + 1 - ((2 - 9) + 5)
-1
What is the value of 2 + (-7 - -10 - 2) + -4?
-1
What is the value of (-1 - -1 - 1) + -21 + 18?
-4
-8 + (-3 - -1) - -11
1
Evaluate -8 + 9 + 0 - 3.
-2
Evaluate -4 + (3 - 4) + 2.
-3
What is the value of 8 + (2 - 5) + -10?
-5
-1 + (-3 - -4) + -3 - 0
-3
Evaluate (-4 - (-4 + 9)) + 4 + 8.
3
2 + -8 - -9 - 1
2
What is the value of 9 - 2 - (70 + -66)?
3
Evaluate (4 - 1) + 0 - 2.
1
13 + -8 + (0 - 2)
3
(-1 - (4 + 2)) + 7
0
Calculate -1 + -3 + (-11 - -12).
-3
8 + -8 + -4 + 1 + 3
0
What is the value of 0 - (-2 + 9 - (-17 + 31))?
7
Evaluate (21 - (11 + -1)) + -19.
-8
What is 5 + (8 - 10 - 4 - 0)?
-1
Evaluate -11 + 3 + 6 + -2.
-4
What is the value of -4 - (-10 - -4 - -2)?
0
Evaluate 4 + 0 - ((3 - 7) + 3).
5
2 - (17 + -11 - (0 - 2))
-6
What is the value of 1 + (-1 - -4 - -2)?
6
Evaluate 5 - (-1 - (4 - (-3 + 9))).
4
Evaluate -1 + (-9 - (-1 - 4)) + 8.
3
Calculate 3 + 1 + (-3 - 2) + -1.
-2
7 - (10 + -4 + 2)
-1
What is -1 - ((6 - 3) + -4)?
0
What is 2 - (9 + -1) - -9?
3
What is -4 + ((3 - -4) + -2 - -4)?
5
What is the value of 5 + -9 - (-1 + 1 + -5)?
1
Evaluate (1 - (-4 + 2)) + -8.
-5
-4 - (-3 - 1) - (-1 - -3)
-2
What is the value of (-4 - -2) + (-2 - (-4 - 2))?
2
What is the value of 3 - ((0 - -2) + 2)?
-1
What is -4 - 0 - (-7 - (-1 - -1))?
3
(-113 - -123) + -8 + 0
2
What is the value of 2 - (3 - ((0 - 2) + 4))?
1
1 + (-1 - 1) - (-13 - -8)
4
What is the value of 4 + -3 - (6 + 0)?
-5
Calculate 0 + -1 - (11 + -18).
6
What is 20 + -9 + 2 + -8?
5
Calculate 6 + 1 + (4 - 12) + 2.
1
4 - 10 - (-12 - -1)
5
Evaluate -1 + (4 - 6 - -4).
1
What is 2 + 3 + -8 - 1?
-4
-10 + (4 + -3 - -5)
-4
What is 1 + (1 - (11 + (0 - 6)))?
-3
What is (-2 - (-4 - -6)) + -1?
-5
What is 0 - (3 - (-3 - -1))?
-5
What is the value of -35 + 46 - (11 + 0)?
0
-1 + 0 + -8 + 7 + 1
-1
(-2 - -1) + -2 - 2
-5
-17 + (12 - (3 + 0))
-8
What is the value of (7 - (1 + 1)) + -1 + 1?
5
What is the value of 0 - (1 - -1) - (-3 + 1)?
0
-3 - (5 + -5 + -5)
2
What is the value of -1 - ((-1 - -3) + -3)?
0
2 + -18 + (1 - (-1 + -6))
-8
Evaluate -1 + -2 + -2 + 4.
-1
-5 - (-8 + 4 - -1)
-2
What is (-7 - (0 + -2)) + 10?
5
Calculate (1 - (2 + -3)) + -6.
-4
Calculate -11 - (7 + (-8 - (-4 + 11))).
-3
What is -2 + (3 - 7 - 2) + 0?
-8
Evaluate 9 + (-3 - -1) - 5.
2
Calculate (-1 - 2) + (20 - 21).
-4
What is -6 + (-7 - -3) + (3 - -3)?
-4
What is -4 - (5 - 6 - -1)?
-4
What is the value of -2 - (0 + 2 + -1)?
-3
Evaluate -5 - (-5 - 2) - 6.
-4
What is -7 - (6 - 11 - 6)?
4
Calculate (-5 - (-6 - 1)) + (3 - -1).
6
What is 41 + -61 - (-1 - 10)?
-9
(6 - 10) + 4 + -5 + 3
-2
-4 + (-8 - -6 - -5)
-1
Evaluate (-4 - -12) + (-21 - -11).
-2
Evaluate -3 - ((3 - 7) + 4).
-3
Evaluate 0 + (2 - -2) + -12 + 2.
-6
What is 18 - 14 - (1 - 0) - 1?
2
Calculate (-14 - -11) + 10 + 0.
7
3 + (1 - 0) - (-2 - -1)
5
Calculate -5 + (2 - 3 - -3) + 3.
0
Evaluate -1 - (42 + -41 - (-1 + 6)).
3
(-2 - -7 - 6) + 1
0
What is (-2 - 0) + 4